, 13, 79
Let j be 22/187 - (-4116)/(-17). Let o = 354 - j. What are the prime factors of o?
2, 149
Let u = 10899 - -26366. What are the prime factors of u?
5, 29, 257
Let t be 772/(-4) + (1 - 2)*-2. Let z(r) = r**3 - r**2 - 296. Let g be z(0). Let s = t - g. List the prime factors of s.
3, 5, 7
Suppose -25388 - 4872 = -4*b - 4*f, 5*b + 2*f - 37828 = 0. What are the prime factors of b?
2, 3, 13, 97
Let w(z) = 5*z**2 - 42*z + 20. Let b be w(8). Let l(f) = 16*f**2 - 2*f + 12. List the prime factors of l(b).
2, 5, 13
What are the prime factors of (-6)/(-21) - (-33106)/14?
5, 11, 43
Let r(n) = 6366*n**2 - 8*n - 29. What are the prime factors of r(-3)?
59, 971
Suppose -k + w + 70 + 552 = 0, k - 634 = 4*w. What are the prime factors of k?
2, 3, 103
Let q = -150 - 286. Let u = 714 + q. List the prime factors of u.
2, 139
Let s = 8 - 17. List the prime factors of -5*((-33732)/(-20))/s.
937
Let f(v) = 491*v**3 - v**2. Let m be f(-1). Let s = -192 - m. List the prime factors of (s/(-5))/(2 + (-11)/4).
2, 5
Let y = -279 - -287. Let i(b) = 3*b**2 + 24*b - 68. What are the prime factors of i(y)?
2, 79
Let o be (-10)/1 + (5 - 0). Let u(p) = -p**2 - 5*p - 4. Let x be u(o). List the prime factors of x + (-50)/(-12) - 1253/(-6).
11, 19
Let h be 483/(-49) + (-1)/7. Let l be (-2)/6 + 3/((-9)/h). Suppose -177 = -l*d + 189. List the prime factors of d.
2, 61
Let w(p) = -103*p**3 + p + 1. Let x be 14/(-18) - (112/18 - 6). Let n be w(x). Let o = n - 26. What are the prime factors of o?
7, 11
Suppose -2*z - 5*b = -72095 - 34329, -5*z + 4*b = -266027. What are the prime factors of z?
7, 11, 691
Suppose -3*i + 5*h = -36136, 39961 + 8167 = 4*i + 4*h. What are the prime factors of i?
12037
Let v = 168 - 182. What are the prime factors of (7/v)/(3/(-2052))?
2, 3, 19
Let y(a) = -8*a**3 + 8*a**2 - 10*a + 14. Let n be y(3). Let z = 537 - n. What are the prime factors of z?
17, 41
Suppose 2*v - 5*j = -116510, -v - 2*j + 291296 = -6*v. List the prime factors of v/(-140) + -2*(-3)/(-42).
2, 13
Suppose -27824 = -45*w + 319312 + 191244. What are the prime factors of w?
2, 3, 997
Let u be (3/(9/2487))/(-3 + 4). Let p = u - 270. What are the prime factors of p?
13, 43
Let h be (9/(-4))/(((-33)/(-4))/(-11)). Suppose 0 = h*d + 5*p - 406, -13*d - p - 394 = -16*d. List the prime factors of d.
2, 3, 11
Let y(d) = d**2 + 4*d - 18. Let c be y(-7). Let o(t) = 23*t**2 + 2. What are the prime factors of o(c)?
11, 19
Suppose 4*l + 0*s = 5*s, 0 = -3*l + 5*s. List the prime factors of 488 - l - (-5 + 8 + -6).
491
Suppose 3*s + 3*s = 18. Suppose -u - s*z = -7*z - 420, 1780 = 4*u + 4*z. List the prime factors of u.
2, 5, 11
Suppose 28 = 5*b + 3*c, -27 = -4*b - 5*c - 2. Suppose 10*m = b*m + 1905. What are the prime factors of m?
3, 127
Let b = -2174 + 5723. List the prime factors of b.
3, 7, 13
Let y = 77 + -77. Let p(k) = k**3 + 8*k**2 - 4*k - 12. Let l be p(-8). Suppose h - 5*h - l = y, -160 = -5*r - 2*h. List the prime factors of r.
2, 17
List the prime factors of (-1986735)/190*2/(-3).
6971
Let u(w) = -47*w - 13. Let j(v) = 18*v - 6. Let q be j(1). Suppose q*x + 39 = -x. List the prime factors of u(x).
2
Let h be -2 - (-4 + 1 - 4). Suppose -9 = -h*b + 16. List the prime factors of 252/b - (-28)/(-70).
2, 5
Let f = -1141 + 2630. Let a = f + -799. What are the prime factors of a?
2, 3, 5, 23
Let k(g) = -764*g + 324. List the prime factors of k(-22).
2, 4283
Let y = 77 + -74. Suppose -y*h - 204 = -4*o + h, 151 = 3*o - 2*h. Let w = o + -46. What are the prime factors of w?
3
Suppose -6 = -n - 15. Let y be (-3)/n + 30/(-9). List the prime factors of (135/(-10))/y*12.
2, 3
Let z = 120 + -117. Suppose -293 = -z*w + 4*t, 0 = -w + 4*w - 3*t - 297. What are the prime factors of w?
103
Suppose -p - 3*z = -980 - 634, -5*p - 5*z = -8100. Let u = p - 968. What are the prime factors of u?
5, 131
Let p(r) = -r**2 - 8*r + 5. Let n be p(-8). Suppose -4*d = 2*u - 529 - 1407, -n*u = -20. List the prime factors of d.
2, 241
Let h = 3364 + -1692. Suppose -3*q = 4*g - 1654, h = 3*q - 4*g - g. Suppose 5*z + 4*f - q = 0, 0*z + 3*z - 5*f = 362. List the prime factors of z.
2, 3, 19
Let w = -67707 + 115738. What are the prime factors of w?
43, 1117
Let z be (-1 - -2)*(0 + -1161). Let g be (-6)/14 + z/(-63). Suppose -17*x + g*x = 169. What are the prime factors of x?
13
Let v(i) = 3290*i**2 + 107*i + 207. List the prime factors of v(-2).
7, 1879
Suppose -3*g = 5*m - 2928, -5*m = 2*g + 226 - 2178. Suppose -5*f + 25 = 0, -4*f - g + 3361 = 5*t. What are the prime factors of t?
11, 43
Let w(p) = -33*p**2 - 26*p - 14. Let m be w(-30). What are the prime factors of 3*1*m/(-69)?
2, 17, 37
Suppose 0 = -166*x + 183*x - 95064. List the prime factors of x.
2, 3, 233
Let v = -95 + 98. Suppose -v*b = -2*b - 6. Suppose 400 = b*y - y. List the prime factors of y.
2, 5
Let g(b) = -328*b - 53. List the prime factors of g(-47).
3, 569
Let y(j) = -639*j - 3403. What are the prime factors of y(-91)?
2, 31, 883
Let t(z) = 5*z - 77. Let v be t(16). Suppose -527 = -v*u - 5*r + 707, 0 = -5*u - 2*r + 2025. List the prime factors of u.
13, 31
Suppose 2*a = -1957*j + 1962*j - 60333, -4*j + 48264 = -a. What are the prime factors of j?
5, 19, 127
Suppose -44 = -8*x + 36. Let q(k) be the first derivative of k**4/2 - 17*k**3/3 - 25*k**2/2 + 20*k - 6. What are the prime factors of q(x)?
2, 5, 7
Let z be ((-2)/1)/(4/(-1050)). Suppose 101*r + 15533 - 1140 = -15604. Let p = r + z. List the prime factors of p.
2, 3, 19
Suppose -v - 2*m - 50 = 0, 79*m + 164 = -4*v + 80*m. Let d be 1686/21 + 2/(-7). Let f = d + v. What are the prime factors of f?
2, 19
Let o(j) be the third derivative of j**5/60 + 2*j**4/3 + 7*j**3/2 - 8*j**2. Let x be o(-15). Let l(c) = 4*c + 6. What are the prime factors of l(x)?
2, 3, 5
What are the prime factors of (-22767)/((-133)/38 - -2)?
2, 7589
Let q(v) = -1294*v - 10. Let h(i) = 647*i + 5. Let b(a) = 5*h(a) + 3*q(a). Let u be b(-2). List the prime factors of (-44)/242 + u/11.
3, 13
Suppose -5*n = -241 - 1294. Let t be 2 + (n/2 - (-6)/4). Suppose 2*y - 173 = -3*m, 0 = 4*m - m - 2*y - t. List the prime factors of m.
5, 11
Let w(h) = 307*h + 1007. List the prime factors of w(17).
2, 11, 283
What are the prime factors of ((-16842)/84)/((-6)/180)?
3, 5, 401
Let u(l) = 226*l + 966. List the prime factors of u(36).
2, 3, 37, 41
Suppose 8*d + 2*d = 50. Suppose 2*p + 1794 = 5*g, g + 1424 = 5*g + 4*p. Suppose 2*a = -5*y + g, -d*a = -y - 4*y - 930. List the prime factors of a.
2, 23
Suppose 4*b - 8 = 2*q, -2*b = -0*b + 2*q - 16. Suppose -7*j + 6584 = -2*v, 10*v - 5*v + 1859 = 2*j. Suppose -j + 274 = -b*p. What are the prime factors of p?
167
Suppose 2*o + 1 = 7. Suppose -5*v + 5*m + 70 = 0, v - o*m = 20 - 0. Let s(l) = -2*l**3 + 24*l**2 - 15*l - 1. What are the prime factors of s(v)?
2, 19
Let v be 3/(4/((-272)/(-6))). Suppose 18*j - 3710 - v = 0. What are the prime factors of j?
2, 13
What are the prime factors of (((-1200)/(-64))/25 - 15/4) + 3856?
3853
Suppose 189*r - 194*r = 0. Suppose r = -338*z + 333*z + 6110. List the prime factors of z.
2, 13, 47
What are the prime factors of (37 + 60525)/((-14)/(-6) + 2/(-6))?
107, 283
Let u = -50 - -52. Let w(k) = -197*k + k**3 + 11 - 7*k**2 + 205*k - u*k**3. List the prime factors of w(-9).
101
Let o(h) = h**2 + 5*h**2 + h**2 + 3 + 4*h. Let c be o(-3). Let m = 158 - c. What are the prime factors of m?
2, 13
Let s be 18 - 13 - -21*2. Suppose -30*g = -s*g + 11917. List the prime factors of g.
701
Suppose -4*d + 4652 + 11612 = -o, 3*o - 12198 = -3*d. Let p = -2682 + d. What are the prime factors of p?
2, 173
Suppose 4*z - 2*v - 284 = 0, -4*v + 241 = 5*z - 127. Suppose -z = 11*y - 2*y. What are the prime factors of (y/(-6))/((-70)/(-69) - 1)?
2, 23
Suppose -166*n - 2418 = -164*n. Let i = -389 - n. What are the prime factors of i?
2, 5, 41
Let x(r) = -r**3 - 17*r - 4. Let g(p) = p**3 + 30*p**2 + 55*p - 35. Let w be g(-28). List the prime factors of x(w).
2, 229
Suppose 5*x + 95*l - 94*l = 22075, 5*l = -2*x + 8830. What are the prime factors of x?
5, 883
Let l be (-12)/(-1 + 5)*(-8)/3. Suppose 6*w = l*w + 4*c - 796, 0 = -3*w - 4*c + 1190. Let a = w - 169. List the prime factors of a.
3, 5
Let f(x) = x**2 + 13*x + 38. Let g be f(-15). Let r = 364 + g. List the prime factors of r.
2, 3
Let v be -1*((-3